3 - 41 - -58) + (0 + 0 - 2)
2
What is the value of 50 + -74 + (-42 - -79)?
13
What is the value of (17 + -10 - -3 - 3) + -6?
1
Evaluate 1 + -5 + (9 - (19 + -4)) - -7.
-3
-9 - (-15 - (-15 - (-8 - -1)))
-2
What is 1 + 0 + (-17 - 3)?
-19
What is 2 + -5 + -43 + 41?
-5
What is (5 + -8 - -11 - 15) + 5?
-2
-10 - (-5 - -1) - (-11 + 5)
0
-1 + (13 - (2 + 4)) - (15 + -9)
0
810 + -797 + -15 + -1
-3
What is -6 + (-1 - 0) + (389 - 390)?
-8
What is the value of 22 + (27 - 15 - 17 - -12)?
29
What is 38 - (32 + 5) - (-1 + 0)?
2
What is the value of -6 + (44 + -37 - (-3 + 2))?
2
(20 - (-2 - (-1 - 0))) + (-203 - -202)
20
Calculate (27 - -5) + (4 - 4) - 13.
19
Calculate -4 + -1 - ((-11 - -37) + -23).
-8
What is the value of 2 + 14 + 3 + -25?
-6
Evaluate -1 + -20 + 323 + -297.
5
What is the value of -6 - -2 - (-3 + -2)?
1
Calculate 10 - 0 - (1 - (41 - 21)).
29
What is 0 - (-6 + 1) - (-15 + 16)?
4
What is 7 - (-2 - (-2 - 12))?
-5
Calculate (0 - 14 - (-3 + -2)) + -24 + 9.
-24
What is -12 - (-3 - (-29 + 61))?
23
What is the value of 23 - (-22 - -34 - 2)?
13
Calculate -9 - (0 + 0) - (-11 + (-12 - -15)).
-1
What is -8 + 2 - -4 - (-4 - 6)?
8
Calculate -27 - (2 + -6) - (-5 - -1).
-19
What is the value of -6 + -1 + 1 + -1 + 15 + -20?
-12
-16 + 0 - (-459 + 430)
13
What is the value of (13 - (2 + 5)) + 22 - 8?
20
1 + -5 + 4 + 3 + -13 + -6
-16
What is -1 + 0 + -17 - (-26 + 3)?
5
Calculate (32 - 18) + 7 + -25.
-4
(-28 - -1) + 37 + 31 + -68
-27
(15 - -9) + -7 - (8 - 1)
10
What is 12 + 1 + -26 + -2 + 3?
-12
Calculate -15 + (12 + -18 - 3) + 4.
-20
What is -24 + (16 + -12 - -2)?
-18
Calculate 124 + -116 + 0 + (17 - (-2 - 1)).
28
Calculate (10 - 11 - 7) + 0 + -6 + 10.
-4
What is the value of -11 + -10 + 23 + 29 + -52?
-21
Evaluate 10 + (2 + (-8 - 0) - (-6 + 4)).
6
Calculate (-13 - ((12 - 25) + 9)) + -5.
-14
What is 12 + (2 - -3) + -13 + -11 + 0?
-7
Evaluate 7 - (5 + (-9 - -5) - -3) - 8.
-5
What is the value of -9 + 11 + -1 - (1 - 2 - 2)?
4
What is the value of 1 + (-1 - (2 - (0 + 3 + 2)))?
3
Calculate 33 - (-34 + 27) - (22 + -4).
22
What is the value of 3 - (3 + -6 - (-4 - -7) - -13)?
-4
What is the value of 23 - (29 + -38 + 54)?
-22
Calculate -549 - -553 - (-29 - -4).
29
What is the value of -19 + -6 + 30 + -13?
-8
Calculate 16 + -1 + 5 + -48 + 20 + 25.
17
Evaluate -13 - 7 - (-4 - (2 + -2)).
-16
Evaluate -3 + -2 - (55 - 68).
8
What is 4 + (11 - (65 - 21))?
-29
What is (-6 - 0) + -2 + -13 + 4?
-17
Calculate (26 - 8 - 13) + -29 + 17.
-7
What is 17 + -22 + 23 + (-7 - 25)?
-14
What is the value of -2 - (4 + -1 + -6 + 3) - 6?
-8
Calculate (-169 + 158 - (0 + -4) - -2) + -3.
-8
What is 2 - (1 + 8) - (-7 + 2 + -32)?
30
Calculate (6 - 3) + (-5 - 20 - -45).
23
Calculate 2 + 4 + (-6 - 0) - 5 - -14.
9
What is 5 + -1 - (49 + -49 - (-1 - -20))?
23
Evaluate 8 + (9 - 20) - -13.
10
Evaluate -14 - (6 + -14) - -18 - 30.
-18
Calculate -5 - (-2 - 41) - 24.
14
What is (1 + 8 - (-8 + 5)) + 228 + -221?
19
Evaluate 2 + (24 - 5) + 2.
23
What is the value of 4 + (-19 - (-6 - -12))?
-21
Calculate -35 - (-3 + 7 + -10 + 13 - 1).
-41
What is -3 + 10 + (21 - (6 - -9))?
13
Evaluate (-14 - -7) + 10 - 0.
3
0 - -4 - 0 - (-8 + 5) - 3
4
What is 18 - (1 + (-14 + 13 - -12))?
6
Calculate (-17 - -21) + 5 + -2.
7
What is -5 + 5 + -1 + -3 + 6 + -3?
-1
2 + (-1 - 0) + (-7 - 9) + 28
13
What is the value of -6 + (7 - (25 + -13))?
-11
Calculate (7 - -3) + (-9 - 4) - -1.
-2
-3 + -1 + (12 + -11 - -2)
-1
Evaluate 20 - (-16 - -23) - 9.
4
Evaluate (20 - (37 - 2) - -7) + (1 - 20).
-27
12 - (-3 + -1) - 13
3
Evaluate 3 - ((19 - 1) + -9 + 22 + -11).
-17
Calculate 14 - ((-17 - -46) + -11).
-4
What is 10 - 3 - 0 - (-1 + 8)?
0
-9 + (-4 + (7 - 0) - 4)
-10
(-23 - -26 - 1) + 5
7
Evaluate 9 + 10 + -18 - 14.
-13
Evaluate (2 - -2 - 0) + (-13 + 5 - 11).
-15
-1 - (-13 + 18 - (22 + 2 + -3))
15
Calculate (-21 - -44 - 29) + 35.
29
Evaluate -9 + -30 + 5 - -14.
-20
What is -6 + 0 + -2 + (-6 + 1 - -9)?
-4
10 + (-28 - -48) + -1
29
What is the value of -8 + 26 - (-4 + 11)?
11
Evaluate 7 - (-19 + 42 + -22).
6
What is 3 + -2 + -45 + (37 - 16 - 10)?
-33
Evaluate 3 - (2 - -2 - -2 - (49 - 39)).
7
What is (129 - 59 - 77) + (-2 - (-1 + 2))?
-10
What is the value of 18 + -21 - (0 - (-10 - -3))?
-10
Evaluate -2 + 11 + -9 + -23 + (1 - 1).
-23
What is -9 + (-9 - 0) + (157 - 119)?
20
What is -3 + 3 + -4 + (-33 - -48)?
11
What is the value of (29 - 6) + -5 - (25 - 18)?
11
Calculate (6 - (3 - 0)) + -21 - -8.
-10
Evaluate 1 + (7 - -1) + 27 + -32 + -17.
-13
6 - (10 + (2 - 6))
0
2 - -11 - (35 + -11 + -4)
-7
What is the value of 8 + (47 - 52 - ((-3 - -3) + -4))?
7
What is (-9 - (-3 - 2)) + (15 - -1)?
12
Calculate 3 - 1 - ((1 - 2) + 5 + -4).
2
What is -9 - (-4 - (16 - 11)) - -9?
9
What is 2 + (-18 - -9) + 9 + 7 + -11?
-2
Calculate (-43 - -35) + (5 - 10).
-13
What is the value of (3 - (-5 + 4)) + (6 - (-2 - -3))?
9
What is the value of 11 + 10 + (2 - 14 - 1)?
8
Evaluate (22 - 37) + 11 + 1.
-3
What is the value of -9 + (-4 - (-12 + 8) - -11) + -4?
-2
Evaluate (-3 - 22) + 14 + 22.
11
Calculate 0 - (-9 - (-3 + (-5 - -6))).
7
Evaluate 4 - (-12 + -9 + 9) - 10.
6
What is the value of (-8 - -7) + (-15 - -2) + 5?
-9
9 + 1 + -1 + -8 + 1
2
2 + -11 + 3 + -2 + 14
6
-3 + 1 + 19 - (-946 + 991)
-28
What is (-3 - -10) + -36 + 33?
4
What is 13 - (-13 - (-2 - 26)) - 15?
-17
Evaluate 338 - 329 - (-2 + 34).
-23
Evaluate (-3 - (4 - 16)) + -2 + -4.
3
What is the value of -3 + 1 + -1 - (-5 - (3 + 7))?
12
What is (0 - -11) + (-18 - -5)?
-2
What is (2 - 10) + 20 - (28 + -1)?
-15
Evaluate -10 + -1 + (-5 - -13).
-3
Evaluate (-9 + 4 - -10) + -2 + -16 + 3.
-10
What is the value of 5 - ((-5 - 5) + 5 - (-21 + 36))?
25
Calculate (-7 - -21) + -4 + (-1 - 3 - -4).
10
What is 45 + -33 - ((-3 - 1) + 1) - 7?
8
What is (10 - 12) + 15 + -5 - -2?
10
What is the value of 6 - (18 - 28 - (5 + -7 - 9))?
5
What is the value of -5 - 0 - (3 + (-16 - -11) + -17)?
14
-6 + (26 - (-21 + 19))
22
Evaluate (2 + 11 - 21 - 15) + 5.
-18
What is (16 - 10) + 4 - (7 + 3)?
0
What is the value of -24 + 7 + (14 - (-11 - -13))?
-5
What is the value of (-17 - -20) + (2 - -17) + -8?
14
Evaluate -1 + 0 + -78 + 72 + 12 + 12.
17
What is (1 - 8) + -6 + 7?
-6
(-33 - (-4 - (9 - -5))) + 18
3
(302 + -303 - (0 + -8 - 0)) + -31
-24
((-5 - (-2 + -1)) + -2 - 1) + 10
5
Calculate (9 - (11 + 5)) + 9 + -14 + 1.
-11
Evaluate -26 + (-9 - -35) + -6.
-6
Calculate 18 + (-2 - 1) + -20.
-5
5 + 4 + (4 - (-1 - (-5 - -8)))
17
What is the value of 13 - (-1 + (-7 - -12))?
9
What is 15 + (-21 - (5 + -26))?
15
Calculate -1 + -9 + 4 + 14 + -8.
0
Evaluate 34 + (-4 - 10) - 15.
5
What is -1 + -4 - ((0 - (-11 + 3)) + -22)?
9
What is the value of -16 - (-24 - -39 - 51)?
20
What is the value of 53 + -104 + 60 - (-6 - 0)?
15
Calculate ((-10 - -7) + 5 - 0) + -10.
-8
What is the value of (2 - -4) + 18 - 9?
15
Evaluate (10 + -3 - -36) + (-1 + 12 - 21).
33
(2 - (-4 - -8 - -10) - -8) + 5
1
Calculate (14 + (-10 - -1) - 3) + -5.
-3
Evaluate 5 - (2 + -7 + (-5 - -22)).
-7
What is the value of (-9 - 0 - -8) + (17 - (1 - 0))?
15
Calculate -14 + (9 + -12 - -27).
10
What is -73 - ((-53 - -40) + -27)?
-33
What is the value of -4 + 0 + (-28 - -29) - 13?
-16
What is 4 - 4 - 8 - (1 - 1)?
-8
What is -63 + (25 - (-23 - -13))?
-28
13 + (98 - 92) + (0 - 5)
14
-22 - (-17 - -10) - 5
-20
What is -12 + 3 + (-2 - (2 - 11)) - -4?
2
What is the value of 15 + (-6 - -11 - (14 - (21 + -10)))?
17
0 + 1 + 0 + (-5 - 1 - 0)
-5
What is 7 + (-12 - (4 + -37)) + 4?
32
Evaluate -13 + (-26 - (30 + -72)).
3
What is -43 - -48 - ((-4 - -9) + 1 + -1)?
0
What is the value of 5 - 0 - (14 + -12 + -8)?
11
Evaluate -35 + 39 - (8 + -4 + 6 + -3).
-3
Calculate -1 + -5 + 21 - 21 - (3 - 0).
-9
What is (-14 - (-3 + 4)) + (1 - (7 - 1))?
-20
What is (7 - (3 - (12 + -6))) + 0 + -4?
6
Evaluate -12 + (21 - 6) + (3 - 3) - -1.
4
What is the value of (-9 - (11 - 14)) + 14 - -6?
14
Calculate -12 - -15 - -3 - 12 - (1 + -28).
21
What is 1314 - 1319 - (3 + -3 + 2 - 7)?
0
What is the value of 0 + 6 + (-24 + 11 - -2) + -27?
-32
Evaluate (3 - (0 - 1)) + (-25 - -30 - 12).
-3
-7 + 28 + -19 + 4
6
What is -41 - (19 + -47 + 16)?
-29
What is 17 + (-18 - 1) + -9 + 17?
6
-1 - ((1 + -4 - -10) + -4)
-4
-5 + 8 + 1 + 1 - (-7 + 6)
6
What is 8 - ((-37 - -23) + 12 + -2 + 9)?
3
-5 + 1 - (-14 + (-8 - -6 - -11))
1
37 - (39 + 12 + -3)
-11
Evaluate (24 - (-15 - 